of k(r)?
8
Let l = 1 - -1. Suppose -2 = -l*p, -3*p - p = -i + 26. What is the tens digit of i?
3
Let l(n) = n + 1. Let q(k) = 12*k - 7. Let w(g) = 10*l(g) + 2*q(g). What is the units digit of w(3)?
8
Suppose -38*r + 73476 + 26578 = 0. What is the hundreds digit of r?
6
Suppose -118 + 1074 = 4*y. What is the tens digit of y?
3
Let h(m) = m**3 - 3*m - 12. What is the units digit of h(3)?
6
What is the units digit of (2421/6)/(63/(-12) + 6)?
8
Suppose 3*m - 3*z = 78, 2*m - 5*z - 7 = 54. Let f = m + -18. Suppose 0*h = -4*h - u + 30, u = h - f. What is the units digit of h?
7
Let k(l) = -l**3 - 8*l**2 + 2*l + 27. Let a be k(-8). Let r = a + 151. What is the units digit of r?
2
Suppose -3*p - 5*x = -7*p + 12270, p + x = 3063. What is the units digit of p?
5
Let k = 42 - -315. Suppose 2*c + k = 9*c. What is the tens digit of c?
5
Let r be ((-3)/(-3) + -174)*-1. Let a be r/2 - (-21)/(-14). Suppose 5*u - 275 + a = 0. What is the units digit of u?
8
Let j(k) = -1126*k**3 - k**2 - 3*k - 5. What is the units digit of j(-1)?
3
Let u be 4/(-16) + 82/8. Suppose -5*a + 81 = -h, -3*a + u = -5*h - 21. What is the units digit of a?
7
Let p = -2022 + 3844. What is the hundreds digit of p?
8
Suppose -4*d + 2*l - 6 = -0*d, -4*d = -5*l + 15. Suppose -10*h - h + 319 = d. What is the tens digit of h?
2
What is the hundreds digit of 10/160*-12 - 15511/(-4)?
8
Let s(u) be the first derivative of 2*u**3 + 3*u**2/2 + u - 33. Suppose -4*p = n + 9 - 2, -3*n + 7 = -2*p. What is the tens digit of s(p)?
1
Let x(r) = r**2 - 12*r + 3. Let d be x(11). Let q = -2 - d. What is the tens digit of 50 + -6*(-3)/q?
5
Let p(c) = c - 4. Let t be p(7). Let j(r) = 7*r**2 - 2*r + 1. What is the units digit of j(t)?
8
Suppose v - 5*g - 1640 = -4*v, 652 = 2*v - 4*g. Suppose -4*c + c = -v. Suppose -6*z = -z - c. What is the units digit of z?
2
Suppose 4*p - 6*p + 3*f = -4283, 0 = 3*p + 2*f - 6405. What is the thousands digit of p?
2
Suppose -8 = -5*t + 7. Suppose 0 = -t*r + r + 60. Suppose -r = i - 6*i. What is the units digit of i?
6
Let g = 311 + 2025. What is the tens digit of g?
3
Let p = -2759 + 4608. What is the thousands digit of p?
1
Suppose 4*q + 18*q = 10472. What is the hundreds digit of q?
4
What is the tens digit of 2 + 2 + 434 + 0/(-3)?
3
Let y(n) = 7*n + 11. Let b(g) = 16*g + 21. Let o(u) = -2*b(u) + 5*y(u). What is the tens digit of o(10)?
4
What is the tens digit of 15/45 + (-71830)/(-15) + 5?
9
Suppose -5*l + u = -63, 4*u + 12 = -0. Let q be 3/2*104/l. Suppose m - 7 = 4*a, m - q = -0*m + a. What is the tens digit of m?
1
Let r be (-10)/((-14)/(-16) - (0 - -1)). Suppose -846 = -r*a + 77*a. What is the units digit of a?
2
Let k(a) = a**2 + 9*a + 7. Let b be k(-6). Let l be 4 + b - (-16)/4. What is the tens digit of -3 + (2 - -53 - l)?
5
Suppose 3*q - 3 = -0*q, 2*y - 5 = -3*q. Let s(f) = 10*f. Let n be s(y). Let u(p) = p**2 - 10*p + 4. What is the units digit of u(n)?
4
Suppose -l = -5*l. Suppose l = 3*o + 67 - 235. Let f = o + -26. What is the units digit of f?
0
Let z be 4/3 + ((-258)/(-9) - -6). Let m be ((-18)/8)/((-1)/(-4)). Let h = z - m. What is the units digit of h?
5
Let a(c) = c**2 - c - 10. Let u be a(-10). Suppose 167 + u = 3*i. What is the tens digit of i?
8
Suppose 4*d + 5 = 25. Suppose d*u - 338 = -3*x, -2*u + 4*x + 105 + 25 = 0. What is the units digit of u?
7
Let c = 3819 - 2700. What is the hundreds digit of c?
1
Suppose 0 = -2*w - 2*x - 0*x, -w - 3*x = 10. Suppose 5*t - w - 5 = 0. Suppose -3*v - t*g + 34 = 0, -g - 3*g = 4*v - 52. What is the units digit of v?
8
Suppose -t - 2*h = 3*h + 6, 5*t = -2*h - 7. Let l be (-56)/4 - t*3. Let x(y) = y**3 + 12*y**2 + 10*y - 9. What is the units digit of x(l)?
2
Suppose -5*f + 277 = 52. What is the units digit of (-29 - 1)*(-18)/f?
2
Suppose 8*u - 1513 - 5487 = 0. What is the units digit of u?
5
Suppose 11 + 7 = -5*y - 3*c, -y - c - 4 = 0. Let s(n) = n**2 - n - 7. What is the units digit of s(y)?
5
Let a = 206 - 53. Suppose -4*c = i - 289, 192 = 5*c - 2*i - a. Suppose -5*l + c = -19. What is the units digit of l?
8
Let i = -7 - 0. Let d(n) = -4*n + 5*n**2 + n**2 + 2*n - 6*n + n**3. What is the units digit of d(i)?
7
Suppose -4*r + 12 = -7*r. Let p be 4 + (-376)/r + 2. What is the units digit of (4/(-5))/((-4)/p)?
0
Let b = 1785 - 1721. Let y be (-243 - -1)/(-1 - 0). Suppose 2*h - y = -2*h + 2*n, -h + 4*n = -b. What is the units digit of h?
0
Let i be (-24228)/(-16) + 2/(-8). Suppose -8*x = -i + 338. What is the tens digit of x?
4
Let p(s) = s**3 - 11*s**2 + 11*s + 8. Let u = 32 + -22. What is the tens digit of p(u)?
1
Let f(n) = 77*n + 3. Let k be f(-1). Let g = k - -105. What is the tens digit of g?
3
Let b = -130 - -90. Let u = b + 74. What is the units digit of u?
4
Suppose 2*q + 4 = 14. Suppose 1441 = 6*c + q*c. What is the hundreds digit of c?
1
Suppose -6*s + 12 = -2*s. Suppose -s*o = -134 - 175. What is the tens digit of o?
0
Let a(i) = 64 + 93 - 26 + 51 - 3*i. What is the hundreds digit of a(0)?
1
Let p = 2998 + -105. What is the hundreds digit of p?
8
Suppose -12 = -3*k - 9. Let j = 53 + k. What is the tens digit of j?
5
Suppose -a + 1518 = 3*w - w, 768 = w + 5*a. Suppose -3 = 3*d, -d + w = 5*z + d. What is the units digit of z?
2
Suppose -24 + 75 = -3*c. Let b = -13 - c. Suppose 39 + 38 = b*t + v, -2*t = -v - 31. What is the units digit of t?
8
Suppose -4*j = 3*r + 12, -5*r - 3*j - 22 = 9. Let h = r + 15. Suppose 3*u + p = 2*p + h, 0 = -5*u + p + 15. What is the units digit of u?
4
Let m be (-430)/90 + 2/(-9). What is the units digit of (m/1)/(-5)*73?
3
Let t(i) = -3*i + 424. What is the tens digit of t(71)?
1
Let c(p) = p - 1. Let i(t) = -t**3 + 17*t**2 - 5*t + 7. Let z(g) = -4*c(g) + i(g). What is the hundreds digit of z(16)?
1
What is the tens digit of -12 - (-4 - -88)*-57?
7
Let k(g) = g**3 + 9*g**2 + 2*g - 7. Let x be k(-9). Let o = 23 + x. What is the units digit of ((-36)/(-9))/(o/(-1))?
2
What is the units digit of 308/20 - (-6)/(-15)?
5
Suppose -1 - 379 = -4*w. Suppose -f - 29 = -w. What is the tens digit of f?
6
Suppose 45 = -6*r - 3. What is the units digit of 6*3/72 + (-206)/r?
6
Let m(q) = -12*q**2 + 7*q - 8. Let v(h) = 12*h**2 - 6*h + 7. Let u(g) = 6*m(g) + 7*v(g). What is the tens digit of u(2)?
4
Let x = -7055 - -10096. What is the tens digit of x?
4
Suppose -3*n + 24 = o + 2*o, 4*o - n - 12 = 0. Suppose -o*s = 43 - 343. What is the tens digit of s?
7
Suppose 5*n = 2410 + 3000. What is the hundreds digit of n?
0
Suppose 4*m + 2*v - 4 = 2*m, 0 = 4*m - 2*v - 8. Let l(u) = 0 + 17*u + 0 + 5*u. What is the units digit of l(m)?
4
Let i = -9 - -9. Suppose -5*h + i + 5 = 0. Let v = h + 8. What is the units digit of v?
9
Suppose 3*u + 15 = 24. What is the units digit of u?
3
Suppose -3*v - 3*m = -8*m - 14, -4*v - 3*m = -9. Suppose v*g + 4 - 10 = 0. Let p(q) = 2*q**3 + q**2 - 2*q + 3. What is the tens digit of p(g)?
1
Let u = -751 - -785. What is the tens digit of u?
3
Suppose -2*y + 27 = 3*n - 7*y, -5*n + 26 = -2*y. Suppose n*i - 55 = 1. What is the tens digit of i?
1
Let o(f) = -2*f**3 - 11*f**2 - 8*f - 5. Let y be o(-5). Suppose -h + y = 7, -t + 3*h = -8. What is the tens digit of t?
1
Suppose -s + 2*q = -1253, 2*q - 6235 = -5*s + 6*q. What is the thousands digit of s?
1
Let n = 39 + -57. Let x be (6/(-2) - n) + -1. What is the units digit of x*((-48)/(-14))/4?
2
Let h(c) = -c**3 + 3*c**2. Suppose 6 = -0*l + l - n, -4*l + 4 = n. Let t be h(l). Suppose -b - 64 = -4*b - 4*a, -2*a = t*b - 82. What is the tens digit of b?
2
Let j = 7 + -1. Let n(c) = j*c - c - 4 - 5*c - 2*c. What is the tens digit of n(-9)?
1
Let w = -92 - -100. Suppose -w*j = -2*j - 1494. What is the units digit of j?
9
Let u(d) = d**3 + 21*d**2 - 31*d - 23. Let w be u(-22). Suppose 0 = -8*c + 7*c + w. What is the hundreds digit of c?
1
Let r(v) = -v**3 - 7*v**2 - 7*v - 3. Let u be r(-6). Suppose -u*j + 6*j - 111 = 0. Suppose 4*l = 97 - j. What is the tens digit of l?
1
Suppose 5*l + 552 = b, -b + 0*l - l + 576 = 0. Suppose 2*c + 2*c + f = b, 2*c = -f + 284. What is the tens digit of c?
4
Let d(i) = -255*i + 559. What is the hundreds digit of d(-9)?
8
What is the tens digit of (-6)/(-15) + (-4066)/(-10) + -4?
0
Suppose -5*w = 7*w - 11652. What is the units digit of w?
1
Let z be (2 - -1) + 0 + -141. Let w = -74 - z. What is the units di